t of 35206623?
6
What is the tens digit of 266902562?
6
What is the billions digit of 5389928677?
5
What is the hundred thousands digit of 6625787273?
7
What is the ten thousands digit of 34016389?
1
What is the ten millions digit of 430588102?
3
What is the hundreds digit of 131767497?
4
What is the thousands digit of 59812197?
2
What is the ten thousands digit of 42424498?
2
What is the units digit of 11818128?
8
What is the hundreds digit of 72584840?
8
What is the ten millions digit of 135881154?
3
What is the thousands digit of 1162410239?
0
What is the millions digit of 201797250?
1
What is the thousands digit of 2694997?
4
What is the hundred millions digit of 3823401707?
8
What is the thousands digit of 27116034?
6
What is the ten thousands digit of 51244927?
4
What is the units digit of 209259020?
0
What is the ten millions digit of 118760856?
1
What is the ten thousands digit of 487023851?
2
What is the tens digit of 648936735?
3
What is the ten millions digit of 7254724539?
5
What is the thousands digit of 752549990?
9
What is the tens digit of 159140165?
6
What is the hundred thousands digit of 5019455187?
4
What is the hundred millions digit of 394292582?
3
What is the units digit of 38394691?
1
What is the ten millions digit of 19761931?
1
What is the tens digit of 38445925?
2
What is the millions digit of 1374725175?
4
What is the ten millions digit of 335439168?
3
What is the hundred thousands digit of 66173141?
1
What is the hundred thousands digit of 25428128?
4
What is the ten thousands digit of 2715341395?
4
What is the tens digit of 282741110?
1
What is the hundred thousands digit of 4231552210?
5
What is the billions digit of 1009629382?
1
What is the hundreds digit of 3848733464?
4
What is the hundred thousands digit of 25233929?
2
What is the thousands digit of 42581259?
1
What is the thousands digit of 105981375?
1
What is the ten millions digit of 863851781?
6
What is the thousands digit of 47158687?
8
What is the thousands digit of 547333065?
3
What is the units digit of 122734613?
3
What is the hundred thousands digit of 396088258?
0
What is the thousands digit of 87830023?
0
What is the units digit of 131353793?
3
What is the units digit of 35840736?
6
What is the ten millions digit of 40816234?
4
What is the units digit of 4380667?
7
What is the units digit of 277753684?
4
What is the hundred millions digit of 454492448?
4
What is the thousands digit of 655368566?
8
What is the units digit of 659482?
2
What is the thousands digit of 53661142?
1
What is the ten millions digit of 1655619924?
5
What is the hundreds digit of 171965560?
5
What is the hundred millions digit of 257778874?
2
What is the millions digit of 20767444?
0
What is the millions digit of 295919260?
5
What is the thousands digit of 4795898?
5
What is the tens digit of 722596198?
9
What is the ten thousands digit of 176684466?
8
What is the millions digit of 662288063?
2
What is the millions digit of 471271558?
1
What is the hundred thousands digit of 1041713096?
7
What is the units digit of 10372336?
6
What is the hundred thousands digit of 3652464980?
4
What is the tens digit of 111285073?
7
What is the thousands digit of 70939480?
9
What is the millions digit of 202918596?
2
What is the hundreds digit of 987218169?
1
What is the hundred millions digit of 382132395?
3
What is the ten millions digit of 191230507?
9
What is the hundred millions digit of 1504640517?
5
What is the millions digit of 73267895?
3
What is the ten millions digit of 1421626116?
2
What is the millions digit of 73975458?
3
What is the hundred thousands digit of 100753882?
7
What is the ten millions digit of 766055518?
6
What is the units digit of 165656933?
3
What is the tens digit of 3173666961?
6
What is the thousands digit of 3596365101?
5
What is the ten millions digit of 1431820472?
3
What is the tens digit of 338619200?
0
What is the tens digit of 1626941676?
7
What is the units digit of 194100983?
3
What is the ten thousands digit of 72382366?
8
What is the hundred thousands digit of 34086215?
0
What is the units digit of 2819762885?
5
What is the units digit of 3950773433?
3
What is the hundred thousands digit of 1191453573?
4
What is the units digit of 29820780?
0
What is the tens digit of 661431212?
1
What is the thousands digit of 102389693?
9
What is the tens digit of 5430922407?
0
What is the millions digit of 6667856?
6
What is the hundred millions digit of 437579609?
4
What is the ten millions digit of 64813797?
6
What is the thousands digit of 80644009?
4
What is the tens digit of 56957379?
7
What is the hundreds digit of 521216053?
0
What is the hundred thousands digit of 555261812?
2
What is the units digit of 358002375?
5
What is the millions digit of 2343943849?
3
What is the ten thousands digit of 17681776?
8
What is the hundred thousands digit of 372208784?
2
What is the millions digit of 1112340971?
2
What is the ten thousands digit of 318473163?
7
What is the hundreds digit of 497989504?
5
What is the units digit of 13881048?
8
What is the ten millions digit of 2249428155?
4
What is the millions digit of 96501371?
6
What is the thousands digit of 571190843?
0
What is the ten millions digit of 307342766?
0
What is the millions digit of 154001340?
4
What is the millions digit of 55323506?
5
What is the hundreds digit of 40918785?
7
What is the units digit of 610418305?
5
What is the hundred thousands digit of 51596212?
5
What is the units digit of 288115395?
5
What is the ten millions digit of 3251613990?
5
What is the units digit of 20937237?
7
What is the hundred thousands digit of 353070922?
0
What is the thousands digit of 5026787516?
7
What is the billions digit of 3477647954?
3
What is the units digit of 4976826079?
9
What is the units digit of 910440287?
7
What is the billions digit of 5445688385?
5
What is the thousands digit of 60725605?
5
What is the ten millions digit of 646905455?
4
What is the thousands digit of 29297391?
7
What is the millions digit of 10697727?
0
What is the ten millions digit of 35747391?
3
What is the hundred millions digit of 422428064?
4
What is the ten millions digit of 191581459?
9
What is the thousands digit of 1214254043?
4
What is the millions digit of 22334758?
2
What is the ten millions digit of 2698558882?
9
What is the ten millions digit of 58048002?
5
What is the millions digit of 153680159?
3
What is the hundred thousands digit of 184033463?
0
What is the hundreds digit of 35210409?
4
What is the tens digit of 6820504473?
7
What is the hundreds digit of 524374102?
1
What is the billions digit of 1854700704?
1
What is the billions digit of 5623937745?
5
What is the tens digit of 50300923?
2
What is the ten millions digit of 22128684?
2
What is the ten millions digit of 103538746?
0
What is the units digit of 3800039?
9
What is the tens digit of 19591412?
1
What is the tens digit of 9087086773?
7
What is the hundreds digit of 2127701?
7
What is the millions digit of 230394926?
0
What is the ten thousands digit of 16272992?
7
What is the millions digit of 821608168?
1
What is the hundred thousands digit of 691118699?
1
What is the millions digit of 287590877?
7
What is the millions digit of 7664010?
7
What is the billions digit of 7208897126?
7
What is the millions digit of 219953736?
9
What is the thousands digit of 415690651?
0
What is the hundreds digit of 1450225093?
0
What is the billions digit of 3088936929?
3
What is the ten millions digit of 39147020?
3
What is the hundred thousands digit of 233521403?
5
What is the ten millions digit of 43079115?
4
What is the thousands digit of 162512308?
2
What is the hundred thousands digit of 599609857?
6
What is the hundred thousands digit of 277217174?
2
What is the billions digit of 2772909465?
2
What is the ten millions digit of 2750631073?
5
What is the hundreds digit of 2067238725?
7
What is the ten millions digit of 4616135634?
1
What is the ten millions digit of 2595560207?
9
What is the millions digit of 238753047?
8
What is the ten millions digit of 98554007?
9
What is the tens digit of 5083784?
8
What is the thousands digit of 154385013?
5
What is the hundred millions digit of 207433623?
2
What is the millions digit of 8847796?
8
What is the ten tho